{"id":150,"date":"2026-03-15T17:31:09","date_gmt":"2026-03-15T20:31:09","guid":{"rendered":"https:\/\/mutualizo.com\/?page_id=150"},"modified":"2026-04-23T10:47:27","modified_gmt":"2026-04-23T13:47:27","slug":"seguros","status":"publish","type":"page","link":"https:\/\/mutualizo.com\/index.php\/seguros\/","title":{"rendered":"Seguros"},"content":{"rendered":"\n<div data-aos= \"fade\" data-aos-duration=\"400\" data-aos-delay=\"0\" data-aos-easing=\"ease\" data-aos-once=\"true\" class=\"wp-block-uagb-container uagb-block-06b71b58 alignfull uagb-is-root-container\"><div class=\"uagb-container-inner-blocks-wrap\">\n<h1 class=\"wp-block-heading has-text-align-center has-ast-global-color-2-color has-text-color has-link-color wp-elements-7f94c12f3a71202859d3675ccb7bfd3d\"><strong>A evolu\u00e7\u00e3o do seguro no Brasil: <\/strong><br><strong>Robustez regulada e agilidade digital<\/strong><\/h1>\n\n\n\n<p class=\"has-text-align-center has-ast-global-color-7-color has-text-color has-link-color has-medium-font-size wp-elements-3d574415e75b916dccf59263f900d78f\">Adapte sua opera\u00e7\u00e3o \u00e0 Lei 15.040\/2024 sem comprometer o sistema core. Ganhe a fluidez necess\u00e1ria para novos produtos e canais com a seguran\u00e7a que o setor exige<\/p>\n\n\n\n<div class=\"wp-block-buttons is-content-justification-center is-layout-flex wp-container-core-buttons-is-layout-a89b3969 wp-block-buttons-is-layout-flex\">\n<div class=\"wp-block-button\"><a class=\"wp-block-button__link wp-element-button\" href=\"https:\/\/mutualizo.com\/index.php\/mz-seguro\/\">Explorar estrat\u00e9gias de escala<\/a><\/div>\n<\/div>\n<\/div><\/div>\n\n\n\n<div class=\"wp-block-uagb-container uagb-block-e058428b alignfull uagb-is-root-container\"><div class=\"uagb-container-inner-blocks-wrap\">\n<div class=\"wp-block-uagb-advanced-heading uagb-block-006d6deb\"><h2 class=\"uagb-heading-text\"><strong>Os desafios estrat\u00e9gicos da ind\u00fastria de seguros para a meta de 10% do PIB at\u00e9 2030<\/strong><\/h2><\/div>\n\n\n\n<p class=\"has-text-align-center\">Mapeamos os entraves estruturais que impedem as seguradoras de capturar as novas janelas de oportunidade do mercado<\/p>\n\n\n\n<div class=\"wp-block-columns is-layout-flex wp-container-core-columns-is-layout-28f84493 wp-block-columns-is-layout-flex\">\n<div class=\"wp-block-column is-layout-flow wp-block-column-is-layout-flow\">\n<figure class=\"wp-block-image size-full has-custom-border\"><img loading=\"lazy\" decoding=\"async\" width=\"640\" height=\"427\" src=\"https:\/\/mutualizo.com\/wp-content\/uploads\/2026\/03\/seguros_01sincronia.jpg\" alt=\"\" class=\"wp-image-236\" style=\"border-top-left-radius:1rem;border-top-right-radius:1rem;border-bottom-left-radius:1rem;border-bottom-right-radius:1rem;aspect-ratio:3\/2;object-fit:cover\" srcset=\"https:\/\/mutualizo.com\/wp-content\/uploads\/2026\/03\/seguros_01sincronia.jpg 640w, https:\/\/mutualizo.com\/wp-content\/uploads\/2026\/03\/seguros_01sincronia-300x200.jpg 300w\" sizes=\"auto, (max-width: 640px) 100vw, 640px\" \/><\/figure>\n\n\n\n<h3 class=\"wp-block-heading has-ast-global-color-2-color has-text-color has-link-color wp-elements-a695fdfcc227ce9a5ab8da42ddc7e9ac\"><strong>Sincronia regulat\u00f3ria<\/strong><\/h3>\n\n\n\n<p>A Nova Lei dos Seguros imp\u00f5e prazos rigorosos de <strong>25 dias para aceita\u00e7\u00e3o de propostas<\/strong><br>A aus\u00eancia de motores de subscri\u00e7\u00e3o em tempo real eleva a exposi\u00e7\u00e3o ao risco de <strong>aceita\u00e7\u00e3o t\u00e1cita<\/strong> e inseguran\u00e7a jur\u00eddica<\/p>\n<\/div>\n\n\n\n<div class=\"wp-block-column is-layout-flow wp-block-column-is-layout-flow\">\n<figure class=\"wp-block-image size-full has-custom-border\"><img loading=\"lazy\" decoding=\"async\" width=\"640\" height=\"360\" src=\"https:\/\/mutualizo.com\/wp-content\/uploads\/2026\/03\/seguros_02integracao.jpg\" alt=\"\" class=\"wp-image-235\" style=\"border-top-left-radius:1rem;border-top-right-radius:1rem;border-bottom-left-radius:1rem;border-bottom-right-radius:1rem;aspect-ratio:3\/2;object-fit:cover\" srcset=\"https:\/\/mutualizo.com\/wp-content\/uploads\/2026\/03\/seguros_02integracao.jpg 640w, https:\/\/mutualizo.com\/wp-content\/uploads\/2026\/03\/seguros_02integracao-300x169.jpg 300w\" sizes=\"auto, (max-width: 640px) 100vw, 640px\" \/><\/figure>\n\n\n\n<h3 class=\"wp-block-heading has-ast-global-color-2-color has-text-color has-link-color wp-elements-837886c0fb9b5d5ca911ca80cb38f802\"><strong>Integra\u00e7\u00e3o de sistemas<\/strong><\/h3>\n\n\n\n<p>Cerca de <strong>69% dos executivos<\/strong> relatam que infraestruturas de TI antigas e silos de dados impedem a explora\u00e7\u00e3o plena de novas tecnologias. A complexidade de conectar o legado ao ecossistema do <strong>Open Insurance<\/strong> \u00e9 a barreira invis\u00edvel do crescimento<\/p>\n<\/div>\n\n\n\n<div class=\"wp-block-column is-layout-flow wp-block-column-is-layout-flow\">\n<figure class=\"wp-block-image size-full has-custom-border\"><img loading=\"lazy\" decoding=\"async\" width=\"640\" height=\"427\" src=\"https:\/\/mutualizo.com\/wp-content\/uploads\/2026\/03\/seguros_03protecao.jpg\" alt=\"\" class=\"wp-image-237\" style=\"border-top-left-radius:1rem;border-top-right-radius:1rem;border-bottom-left-radius:1rem;border-bottom-right-radius:1rem;aspect-ratio:3\/2;object-fit:cover\" srcset=\"https:\/\/mutualizo.com\/wp-content\/uploads\/2026\/03\/seguros_03protecao.jpg 640w, https:\/\/mutualizo.com\/wp-content\/uploads\/2026\/03\/seguros_03protecao-300x200.jpg 300w\" sizes=\"auto, (max-width: 640px) 100vw, 640px\" \/><\/figure>\n\n\n\n<h3 class=\"wp-block-heading has-ast-global-color-2-color has-text-color has-link-color wp-elements-fca4fe373dae73d9961bfa9d41c6be40\"><strong>Prote\u00e7\u00e3o de margem e efici\u00eancia<\/strong><\/h3>\n\n\n\n<p>O alto custo de conformidade com o <strong>SRO e OPIN<\/strong> consome or\u00e7amentos que deveriam ser destinados \u00e0 inova\u00e7\u00e3o de produtos. Processos manuais de regula\u00e7\u00e3o de sinistros reduzem a previsibilidade financeira e a lucratividade operacional<\/p>\n<\/div>\n\n\n\n<div class=\"wp-block-column is-layout-flow wp-block-column-is-layout-flow\">\n<figure class=\"wp-block-image size-full has-custom-border\"><img loading=\"lazy\" decoding=\"async\" width=\"640\" height=\"480\" src=\"https:\/\/mutualizo.com\/wp-content\/uploads\/2026\/03\/seguros_04capilaridade.jpg\" alt=\"\" class=\"wp-image-238\" style=\"border-top-left-radius:1rem;border-top-right-radius:1rem;border-bottom-left-radius:1rem;border-bottom-right-radius:1rem;aspect-ratio:3\/2;object-fit:cover\" srcset=\"https:\/\/mutualizo.com\/wp-content\/uploads\/2026\/03\/seguros_04capilaridade.jpg 640w, https:\/\/mutualizo.com\/wp-content\/uploads\/2026\/03\/seguros_04capilaridade-300x225.jpg 300w\" sizes=\"auto, (max-width: 640px) 100vw, 640px\" \/><\/figure>\n\n\n\n<h3 class=\"wp-block-heading has-ast-global-color-2-color has-text-color has-link-color wp-elements-303888cc61bc1e95355e6c4c870ba87a\"><strong>Capilaridade e novos canais<\/strong><\/h3>\n\n\n\n<p>A demanda por <strong>Seguros Embarcados (Embedded)<\/strong> exige que a seguradora seja &#8220;plug\u00e1vel&#8221;.<br>A dificuldade de integrar canais digitais em jornadas 100% fluidas limita o acesso ao crescimento de <strong>7,84% ao ano<\/strong> previsto para canais at\u00e9 2031<\/p>\n<\/div>\n<\/div>\n<\/div><\/div>\n\n\n\n<div class=\"wp-block-uagb-container uagb-block-8c622930 alignfull uagb-is-root-container\"><div class=\"uagb-container-inner-blocks-wrap\">\n<div class=\"wp-block-columns is-layout-flex wp-container-core-columns-is-layout-28f84493 wp-block-columns-is-layout-flex\">\n<div class=\"wp-block-column is-layout-flow wp-block-column-is-layout-flow\">\n<div class=\"wp-block-uagb-advanced-heading uagb-block-2dfdd971\"><h2 class=\"uagb-heading-text\"><strong>Do reativo ao preditivo:<\/strong><br><strong>O modelo de gest\u00e3o orquestrada<\/strong><\/h2><\/div>\n\n\n\n<p>A tecnologia atuando como o sistema operacional para sustentar sua estrat\u00e9gia de distribui\u00e7\u00e3o e governan\u00e7a<\/p>\n\n\n\n<div class=\"wp-block-group is-nowrap is-layout-flex wp-container-core-group-is-layout-6c531013 wp-block-group-is-layout-flex\">\n<figure class=\"wp-block-image size-full\"><img loading=\"lazy\" decoding=\"async\" width=\"32\" height=\"33\" src=\"https:\/\/mutualizo.com\/wp-content\/uploads\/2026\/03\/icon_mutualizo.png\" alt=\"\" class=\"wp-image-203\" style=\"box-shadow:none\"\/><\/figure>\n\n\n\n<p><strong>Orquestra\u00e7\u00e3o sobre substitui\u00e7\u00e3o:<\/strong> Modernize a interface com o mercado sem migra\u00e7\u00f5es custosas ou riscos ao sistema core<\/p>\n<\/div>\n\n\n\n<div class=\"wp-block-group is-nowrap is-layout-flex wp-container-core-group-is-layout-6c531013 wp-block-group-is-layout-flex\">\n<figure class=\"wp-block-image size-full\"><img loading=\"lazy\" decoding=\"async\" width=\"32\" height=\"33\" src=\"https:\/\/mutualizo.com\/wp-content\/uploads\/2026\/03\/icon_mutualizo.png\" alt=\"\" class=\"wp-image-203\" style=\"box-shadow:none\"\/><\/figure>\n\n\n\n<p><strong>Agilidade na distribui\u00e7\u00e3o:<\/strong> Ative novos canais e parcerias com APIs integradas a jornadas de consumo digitais<\/p>\n<\/div>\n\n\n\n<div class=\"wp-block-group is-nowrap is-layout-flex wp-container-core-group-is-layout-6c531013 wp-block-group-is-layout-flex\">\n<figure class=\"wp-block-image size-full\"><img loading=\"lazy\" decoding=\"async\" width=\"32\" height=\"33\" src=\"https:\/\/mutualizo.com\/wp-content\/uploads\/2026\/03\/icon_mutualizo.png\" alt=\"\" class=\"wp-image-203\" style=\"box-shadow:none\"\/><\/figure>\n\n\n\n<p><strong>Seguran\u00e7a e conformidade ativa:<\/strong> Automatize o cumprimento de prazos legais e o registro de opera\u00e7\u00f5es (SRO), protegendo o balan\u00e7o<\/p>\n<\/div>\n<\/div>\n\n\n\n<div class=\"wp-block-column is-layout-flow wp-block-column-is-layout-flow\">\n<figure class=\"wp-block-image size-full has-custom-border\"><img loading=\"lazy\" decoding=\"async\" width=\"1200\" height=\"801\" src=\"https:\/\/mutualizo.com\/wp-content\/uploads\/2026\/03\/adi-goldstein-EUsVwEOsblE-unsplash.jpg\" alt=\"\" class=\"wp-image-275\" style=\"border-top-left-radius:1.2rem;border-top-right-radius:1.2rem;border-bottom-left-radius:1.2rem;border-bottom-right-radius:1.2rem;aspect-ratio:3\/4;object-fit:cover\" srcset=\"https:\/\/mutualizo.com\/wp-content\/uploads\/2026\/03\/adi-goldstein-EUsVwEOsblE-unsplash.jpg 1200w, https:\/\/mutualizo.com\/wp-content\/uploads\/2026\/03\/adi-goldstein-EUsVwEOsblE-unsplash-300x200.jpg 300w, https:\/\/mutualizo.com\/wp-content\/uploads\/2026\/03\/adi-goldstein-EUsVwEOsblE-unsplash-1024x684.jpg 1024w, https:\/\/mutualizo.com\/wp-content\/uploads\/2026\/03\/adi-goldstein-EUsVwEOsblE-unsplash-768x513.jpg 768w\" sizes=\"auto, (max-width: 1200px) 100vw, 1200px\" \/><\/figure>\n<\/div>\n<\/div>\n<\/div><\/div>\n\n\n\n<div class=\"wp-block-uagb-container uagb-block-7de1ed78 alignfull uagb-is-root-container\"><div class=\"uagb-container-inner-blocks-wrap\">\n<div class=\"wp-block-uagb-advanced-heading uagb-block-ffc36bf0\"><h2 class=\"uagb-heading-text\"><strong><strong>O referencial de lideran\u00e7a no setor<\/strong><\/strong><\/h2><\/div>\n\n\n\n<p class=\"has-text-align-center\">A arquitetura estrat\u00e9gica para sustentar o crescimento e a conformidade exigida pelo Marco Legal do Seguro<\/p>\n\n\n\n<div class=\"wp-block-columns is-layout-flex wp-container-core-columns-is-layout-28f84493 wp-block-columns-is-layout-flex\">\n<div class=\"wp-block-column is-layout-flow wp-block-column-is-layout-flow\">\n<figure class=\"wp-block-image size-full\"><img loading=\"lazy\" decoding=\"async\" width=\"52\" height=\"52\" src=\"https:\/\/mutualizo.com\/wp-content\/uploads\/2026\/03\/icon_check.png\" alt=\"\" class=\"wp-image-139\" style=\"box-shadow:none\"\/><\/figure>\n\n\n\n<h3 class=\"wp-block-heading has-ast-global-color-2-color has-text-color has-link-color wp-elements-19553d5fc94db865621fed277d8b9643\"><strong><strong>Distribui\u00e7\u00e3o \u00e1gil<\/strong><\/strong><\/h3>\n\n\n\n<p>Capture a expans\u00e3o dos canais digitais via <strong>Embedded Insurance<\/strong>.<br>Conecte sua seguradora diretamente \u00e0 jornada de compra do parceiro, eliminando a <strong>fric\u00e7\u00e3o na venda<\/strong><\/p>\n<\/div>\n\n\n\n<div class=\"wp-block-column is-layout-flow wp-block-column-is-layout-flow\">\n<figure class=\"wp-block-image size-full\"><img loading=\"lazy\" decoding=\"async\" width=\"52\" height=\"52\" src=\"https:\/\/mutualizo.com\/wp-content\/uploads\/2026\/03\/icon_check.png\" alt=\"\" class=\"wp-image-139\" style=\"box-shadow:none\"\/><\/figure>\n\n\n\n<h3 class=\"wp-block-heading has-ast-global-color-2-color has-text-color has-link-color wp-elements-ec2165e919edc140bcb0b17ae5719479\"><strong><strong>Conformidade nativa<\/strong><\/strong><\/h3>\n\n\n\n<p>Proteja o balan\u00e7o contra a <strong>aceita\u00e7\u00e3o t\u00e1cita<\/strong> de propostas. Automatize a subscri\u00e7\u00e3o e a gera\u00e7\u00e3o do <strong>Relat\u00f3rio de Regula\u00e7\u00e3o<\/strong> fundamentado exigido pela legisla\u00e7\u00e3o<\/p>\n<\/div>\n\n\n\n<div class=\"wp-block-column is-layout-flow wp-block-column-is-layout-flow\">\n<figure class=\"wp-block-image size-full\"><img loading=\"lazy\" decoding=\"async\" width=\"52\" height=\"52\" src=\"https:\/\/mutualizo.com\/wp-content\/uploads\/2026\/03\/icon_check.png\" alt=\"\" class=\"wp-image-139\" style=\"box-shadow:none\"\/><\/figure>\n\n\n\n<h3 class=\"wp-block-heading has-ast-global-color-2-color has-text-color has-link-color wp-elements-ae66d4f49f445dae4308734bf905ec97\"><strong><strong>Intelig\u00eancia audit\u00e1vel<\/strong><\/strong><\/h3>\n\n\n\n<p>Prepare sua infraestrutura para a <strong>Era da Produ\u00e7\u00e3o<\/strong> da Intelig\u00eancia Artificial. Garanta a <strong>transpar\u00eancia<\/strong> e a <strong>fundamenta\u00e7\u00e3o<\/strong> das decis\u00f5es automatizadas perante o supervisor<\/p>\n<\/div>\n\n\n\n<div class=\"wp-block-column is-layout-flow wp-block-column-is-layout-flow\">\n<figure class=\"wp-block-image size-full\"><img loading=\"lazy\" decoding=\"async\" width=\"52\" height=\"52\" src=\"https:\/\/mutualizo.com\/wp-content\/uploads\/2026\/03\/icon_check.png\" alt=\"\" class=\"wp-image-139\" style=\"box-shadow:none\"\/><\/figure>\n\n\n\n<h3 class=\"wp-block-heading has-ast-global-color-2-color has-text-color has-link-color wp-elements-50790a7b088baabc7d08b78403a32934\"><strong><strong>Governan\u00e7a unificada<\/strong><\/strong><\/h3>\n\n\n\n<p>Elimine silos para atender ao <strong>SRO<\/strong> com precis\u00e3o cir\u00fargica. Monitore a <strong>solv\u00eancia<\/strong> em tempo real e transforme o peso regulat\u00f3rio em um ativo de estrat\u00e9gico<\/p>\n<\/div>\n<\/div>\n\n\n\n<div class=\"wp-block-buttons is-content-justification-center is-layout-flex wp-container-core-buttons-is-layout-a89b3969 wp-block-buttons-is-layout-flex\">\n<div class=\"wp-block-button\"><a class=\"wp-block-button__link has-text-align-center wp-element-button\" href=\"https:\/\/mutualizo.com\/index.php\/mz-seguro\/\">Conhecer a arquitetura do MZ Seguro<\/a><\/div>\n<\/div>\n<\/div><\/div>\n\n\n\n<div class=\"wp-block-uagb-container uagb-block-ff20067a alignfull uagb-is-root-container\"><div class=\"uagb-container-inner-blocks-wrap\">\n<div class=\"wp-block-columns is-layout-flex wp-container-core-columns-is-layout-28f84493 wp-block-columns-is-layout-flex\">\n<div class=\"wp-block-column is-vertically-aligned-center is-layout-flow wp-block-column-is-layout-flow\" style=\"flex-basis:100%\">\n<div class=\"wp-block-uagb-advanced-heading uagb-block-16f3e248\"><h2 class=\"uagb-heading-text\">MZ Seguro: <strong>A camada de orquestra\u00e7\u00e3o que viabiliza sua estrat\u00e9gia<\/strong><\/h2><\/div>\n\n\n\n<p>Uma plataforma de tecnologia moderna que atua sobre sua opera\u00e7\u00e3o existente, transformando o passivo do legado em agilidade competitiva<\/p>\n\n\n\n<div class=\"wp-block-buttons is-layout-flex wp-block-buttons-is-layout-flex\">\n<div class=\"wp-block-button\"><a class=\"wp-block-button__link wp-element-button\" href=\"https:\/\/mutualizo.com\/index.php\/mz-seguro\/\">Explorar a solu\u00e7\u00e3o MZ Seguro<\/a><\/div>\n<\/div>\n<\/div>\n\n\n\n<div class=\"wp-block-column is-vertically-aligned-center is-layout-flow wp-block-column-is-layout-flow\" style=\"border-style:none;border-width:0px;flex-basis:100%\">\n<figure class=\"wp-block-image size-full\"><img loading=\"lazy\" decoding=\"async\" width=\"1903\" height=\"1668\" src=\"https:\/\/mutualizo.com\/wp-content\/uploads\/2026\/03\/mzseguro_mockup1.png\" alt=\"\" class=\"wp-image-473\" style=\"box-shadow:none\" srcset=\"https:\/\/mutualizo.com\/wp-content\/uploads\/2026\/03\/mzseguro_mockup1.png 1903w, https:\/\/mutualizo.com\/wp-content\/uploads\/2026\/03\/mzseguro_mockup1-300x263.png 300w, https:\/\/mutualizo.com\/wp-content\/uploads\/2026\/03\/mzseguro_mockup1-1024x898.png 1024w, https:\/\/mutualizo.com\/wp-content\/uploads\/2026\/03\/mzseguro_mockup1-768x673.png 768w, https:\/\/mutualizo.com\/wp-content\/uploads\/2026\/03\/mzseguro_mockup1-1536x1346.png 1536w\" sizes=\"auto, (max-width: 1903px) 100vw, 1903px\" \/><\/figure>\n<\/div>\n<\/div>\n<\/div><\/div>\n\n\n\n<div id=\"form\" class=\"wp-block-uagb-container uagb-block-c535e16c alignfull uagb-is-root-container\"><div class=\"uagb-container-inner-blocks-wrap\">\n<div class=\"wp-block-columns is-layout-flex wp-container-core-columns-is-layout-28f84493 wp-block-columns-is-layout-flex\">\n<div class=\"wp-block-column is-layout-flow wp-block-column-is-layout-flow\">\n<div class=\"wp-block-uagb-advanced-heading uagb-block-d46bffd0\"><h2 class=\"uagb-heading-text\"><strong>Fa\u00e7a como os gigantes e contrate as solu\u00e7\u00f5es Mutualizo para a sua opera\u00e7\u00e3o<\/strong><\/h2><\/div>\n\n\n\n<p class=\"has-text-align-left\">Entre em contato com nossa equipe atrav\u00e9s dos canais ou preencha o formul\u00e1rio e envie sua mensagem<\/p>\n<\/div>\n\n\n\n<div class=\"wp-block-column is-layout-flow wp-block-column-is-layout-flow\">\n<div class=\"wp-block-contact-form-7-contact-form-selector\">\n<div class=\"wpcf7 no-js\" id=\"wpcf7-f100-o1\" lang=\"pt-BR\" dir=\"ltr\" data-wpcf7-id=\"100\">\n<div class=\"screen-reader-response\"><p role=\"status\" aria-live=\"polite\" aria-atomic=\"true\"><\/p> <ul><\/ul><\/div>\n<form action=\"\/index.php\/wp-json\/wp\/v2\/pages\/150#wpcf7-f100-o1\" method=\"post\" class=\"wpcf7-form init\" aria-label=\"Formul\u00e1rios de contato\" novalidate=\"novalidate\" data-status=\"init\">\n<fieldset class=\"hidden-fields-container\"><input type=\"hidden\" name=\"_wpcf7\" value=\"100\" \/><input type=\"hidden\" name=\"_wpcf7_version\" value=\"6.1.5\" \/><input type=\"hidden\" name=\"_wpcf7_locale\" value=\"pt_BR\" \/><input type=\"hidden\" name=\"_wpcf7_unit_tag\" value=\"wpcf7-f100-o1\" \/><input type=\"hidden\" name=\"_wpcf7_container_post\" value=\"0\" \/><input type=\"hidden\" name=\"_wpcf7_posted_data_hash\" value=\"\" \/>\n<\/fieldset>\n<p><label> Nome completo<br \/>\n<span class=\"wpcf7-form-control-wrap\" data-name=\"your-name\"><input size=\"40\" maxlength=\"400\" class=\"wpcf7-form-control wpcf7-text wpcf7-validates-as-required\" autocomplete=\"name\" aria-required=\"true\" aria-invalid=\"false\" value=\"\" type=\"text\" name=\"your-name\" \/><\/span> <\/label>\n<\/p>\n<p><label> Empresa<br \/>\n<span class=\"wpcf7-form-control-wrap\" data-name=\"text-empresa\"><input size=\"40\" maxlength=\"400\" minlength=\"4\" class=\"wpcf7-form-control wpcf7-text wpcf7-validates-as-required\" aria-required=\"true\" aria-invalid=\"false\" value=\"\" type=\"text\" name=\"text-empresa\" \/><\/span> <\/label>\n<\/p>\n<p><label> Seu e-mail<br \/>\n<span class=\"wpcf7-form-control-wrap\" data-name=\"your-email\"><input size=\"40\" maxlength=\"400\" class=\"wpcf7-form-control wpcf7-email wpcf7-validates-as-required wpcf7-text wpcf7-validates-as-email\" autocomplete=\"email\" aria-required=\"true\" aria-invalid=\"false\" value=\"\" type=\"email\" name=\"your-email\" \/><\/span> <\/label>\n<\/p>\n<p><label> WhatsApp<br \/>\n<span class=\"wpcf7-form-control-wrap\" data-name=\"tel-whatsapp\"><input size=\"40\" maxlength=\"400\" minlength=\"8\" class=\"wpcf7-form-control wpcf7-tel wpcf7-validates-as-required wpcf7-text wpcf7-validates-as-tel\" aria-required=\"true\" aria-invalid=\"false\" value=\"\" type=\"tel\" name=\"tel-whatsapp\" \/><\/span> <\/label>\n<\/p>\n<p><label> Produto de interesse<br \/>\n<span class=\"wpcf7-form-control-wrap\" data-name=\"select-produto-interesse\"><select class=\"wpcf7-form-control wpcf7-select wpcf7-validates-as-required\" aria-required=\"true\" aria-invalid=\"false\" name=\"select-produto-interesse\"><option value=\"\">&#8212;Escolha uma op\u00e7\u00e3o&#8212;<\/option><option value=\"MZ Seguros\">MZ Seguros<\/option><option value=\"MZ Certificadora\">MZ Certificadora<\/option><\/select><\/span> <\/label>\n<\/p>\n<p><label> Setor de atua\u00e7\u00e3o<br \/>\n<span class=\"wpcf7-form-control-wrap\" data-name=\"select-setor-atuacao\"><select class=\"wpcf7-form-control wpcf7-select wpcf7-validates-as-required\" aria-required=\"true\" aria-invalid=\"false\" name=\"select-setor-atuacao\"><option value=\"\">&#8212;Escolha uma op\u00e7\u00e3o&#8212;<\/option><option value=\"Seguradora\">Seguradora<\/option><option value=\"Cooperativa\">Cooperativa<\/option><option value=\"Desmontadora\">Desmontadora<\/option><option value=\"Montadora\">Montadora<\/option><option value=\"PPM\">PPM<\/option><option value=\"Recicladora\">Recicladora<\/option><option value=\"Outros\">Outros<\/option><\/select><\/span> <\/label>\n<\/p>\n<p>Ao preencher o formul\u00e1rio, concordo em receber comunica\u00e7\u00f5es da Mutualizo.\n<\/p>\n<p><input class=\"wpcf7-form-control wpcf7-submit has-spinner\" type=\"submit\" value=\"Enviar\" \/>\n<\/p><div class=\"wpcf7-response-output\" aria-hidden=\"true\"><\/div>\n<\/form>\n<\/div>\n<\/div>\n<\/div>\n<\/div>\n<\/div><\/div>\n","protected":false},"excerpt":{"rendered":"<p>A evolu\u00e7\u00e3o do seguro no Brasil: Robustez regulada e agilidade digital Adapte sua opera\u00e7\u00e3o \u00e0 Lei 15.040\/2024 sem comprometer o [&hellip;]<\/p>\n","protected":false},"author":1,"featured_media":0,"parent":0,"menu_order":0,"comment_status":"closed","ping_status":"closed","template":"","meta":{"_coblocks_attr":"","_coblocks_dimensions":"","_coblocks_responsive_height":"","_coblocks_accordion_ie_support":"","_uag_custom_page_level_css":"","site-sidebar-layout":"default","site-content-layout":"","ast-site-content-layout":"default","site-content-style":"default","site-sidebar-style":"default","ast-global-header-display":"","ast-banner-title-visibility":"","ast-main-header-display":"","ast-hfb-above-header-display":"","ast-hfb-below-header-display":"","ast-hfb-mobile-header-display":"","site-post-title":"disabled","ast-breadcrumbs-content":"","ast-featured-img":"","footer-sml-layout":"","ast-disable-related-posts":"","theme-transparent-header-meta":"","adv-header-id-meta":"","stick-header-meta":"","header-above-stick-meta":"","header-main-stick-meta":"","header-below-stick-meta":"","astra-migrate-meta-layouts":"default","ast-page-background-enabled":"default","ast-page-background-meta":{"desktop":{"background-color":"var(--ast-global-color-5)","background-image":"","background-repeat":"repeat","background-position":"center center","background-size":"auto","background-attachment":"scroll","background-type":"","background-media":"","overlay-type":"","overlay-color":"","overlay-opacity":"","overlay-gradient":""},"tablet":{"background-color":"","background-image":"","background-repeat":"repeat","background-position":"center center","background-size":"auto","background-attachment":"scroll","background-type":"","background-media":"","overlay-type":"","overlay-color":"","overlay-opacity":"","overlay-gradient":""},"mobile":{"background-color":"","background-image":"","background-repeat":"repeat","background-position":"center center","background-size":"auto","background-attachment":"scroll","background-type":"","background-media":"","overlay-type":"","overlay-color":"","overlay-opacity":"","overlay-gradient":""}},"ast-content-background-meta":{"desktop":{"background-color":"var(--ast-global-color-4)","background-image":"","background-repeat":"repeat","background-position":"center center","background-size":"auto","background-attachment":"scroll","background-type":"","background-media":"","overlay-type":"","overlay-color":"","overlay-opacity":"","overlay-gradient":""},"tablet":{"background-color":"var(--ast-global-color-4)","background-image":"","background-repeat":"repeat","background-position":"center center","background-size":"auto","background-attachment":"scroll","background-type":"","background-media":"","overlay-type":"","overlay-color":"","overlay-opacity":"","overlay-gradient":""},"mobile":{"background-color":"var(--ast-global-color-4)","background-image":"","background-repeat":"repeat","background-position":"center center","background-size":"auto","background-attachment":"scroll","background-type":"","background-media":"","overlay-type":"","overlay-color":"","overlay-opacity":"","overlay-gradient":""}},"footnotes":""},"class_list":["post-150","page","type-page","status-publish","hentry"],"uagb_featured_image_src":{"full":false,"thumbnail":false,"medium":false,"medium_large":false,"large":false,"1536x1536":false,"2048x2048":false},"uagb_author_info":{"display_name":"demonstration","author_link":"https:\/\/mutualizo.com\/author\/demonstration\/"},"uagb_comment_info":0,"uagb_excerpt":"A evolu\u00e7\u00e3o do seguro no Brasil: Robustez regulada e agilidade digital Adapte sua opera\u00e7\u00e3o \u00e0 Lei 15.040\/2024 sem comprometer o [&hellip;]","_links":{"self":[{"href":"https:\/\/mutualizo.com\/index.php\/wp-json\/wp\/v2\/pages\/150","targetHints":{"allow":["GET"]}}],"collection":[{"href":"https:\/\/mutualizo.com\/index.php\/wp-json\/wp\/v2\/pages"}],"about":[{"href":"https:\/\/mutualizo.com\/index.php\/wp-json\/wp\/v2\/types\/page"}],"author":[{"embeddable":true,"href":"https:\/\/mutualizo.com\/index.php\/wp-json\/wp\/v2\/users\/1"}],"replies":[{"embeddable":true,"href":"https:\/\/mutualizo.com\/index.php\/wp-json\/wp\/v2\/comments?post=150"}],"version-history":[{"count":38,"href":"https:\/\/mutualizo.com\/index.php\/wp-json\/wp\/v2\/pages\/150\/revisions"}],"predecessor-version":[{"id":849,"href":"https:\/\/mutualizo.com\/index.php\/wp-json\/wp\/v2\/pages\/150\/revisions\/849"}],"wp:attachment":[{"href":"https:\/\/mutualizo.com\/index.php\/wp-json\/wp\/v2\/media?parent=150"}],"curies":[{"name":"wp","href":"https:\/\/api.w.org\/{rel}","templated":true}]}}